20582?
True
Is 161 a factor of 89858412?
False
Is 14843166 a multiple of 4?
False
Is 133 a factor of 50196062?
True
Is 47744620 a multiple of 2266?
True
Is 36 a factor of 4345358434?
False
Is 21 a factor of 712778836?
False
Is 68 a factor of 2034746252?
True
Is 12287431 a multiple of 85?
False
Does 30 divide 21038220?
True
Is 127 a factor of 548431212?
True
Is 13 a factor of 242936101?
False
Is 480670727 a multiple of 53?
True
Is 148 a factor of 6514998480?
True
Is 178 a factor of 9581206?
True
Is 247708530 a multiple of 34?
True
Does 40 divide 14235268?
False
Is 15338475 a multiple of 493?
False
Is 23727821 a multiple of 2133?
False
Is 624 a factor of 125639280?
True
Is 173738422 a multiple of 1079?
True
Is 14 a factor of 68207402?
False
Is 661546896 a multiple of 12?
True
Does 747 divide 253073142?
True
Does 14 divide 89057566?
False
Is 671 a factor of 4081962071?
True
Is 12 a factor of 68776088?
False
Does 142 divide 206519553?
False
Is 1208 a factor of 249936056?
False
Does 325 divide 45714437?
False
Is 4210703 a multiple of 79?
False
Is 11 a factor of 8388083?
True
Does 1254 divide 130461665?
False
Is 1185 a factor of 32495646?
False
Does 70 divide 140683578?
False
Is 11117400 a multiple of 70?
True
Is 84463230 a multiple of 1410?
True
Is 113705361 a multiple of 21?
True
Is 84431858 a multiple of 4978?
True
Is 818901460 a multiple of 5563?
False
Is 12 a factor of 25643514?
False
Is 43533540 a multiple of 1835?
True
Is 151416221 a multiple of 18?
False
Is 132893145 a multiple of 64?
False
Is 14 a factor of 198015521?
False
Does 21 divide 4185198?
False
Does 6 divide 23802959?
False
Is 1143966990 a multiple of 1842?
False
Does 158 divide 67402642?
True
Is 1288 a factor of 18793208?
True
Is 9001 a factor of 369356035?
True
Is 539843931 a multiple of 99?
True
Is 13288883 a multiple of 7?
False
Is 242117876 a multiple of 28?
True
Does 445 divide 4842045?
True
Is 34578810 a multiple of 490?
True
Is 16 a factor of 30948096?
True
Does 3741 divide 70551519?
True
Does 1186 divide 52360787?
False
Is 71 a factor of 20140357?
True
Does 92 divide 397580576?
True
Does 1935 divide 97818120?
True
Is 155441559 a multiple of 439?
True
Is 246006062 a multiple of 58?
False
Is 56 a factor of 36408288?
True
Does 34 divide 578684250?
True
Is 302 a factor of 125600592?
True
Is 110045697 a multiple of 3277?
False
Does 66 divide 25965588?
True
Does 81 divide 174813?
False
Is 550855 a multiple of 145?
True
Does 543 divide 2001932089?
False
Is 12 a factor of 6922978?
False
Does 7 divide 1946448306?
False
Is 2453 a factor of 13018071?
True
Does 15 divide 49980555?
True
Does 37 divide 21235040?
True
Does 30 divide 972356561?
False
Does 164 divide 1586133708?
True
Does 4083 divide 2938423272?
False
Is 63 a factor of 248556639?
False
Is 64289792 a multiple of 64?
True
Is 20877265 a multiple of 203?
False
Does 4944 divide 443382864?
True
Is 475325928 a multiple of 66?
True
Does 1263 divide 462355251?
True
Does 281 divide 4133566481?
True
Does 121 divide 2789050?
True
Is 5500487 a multiple of 42?
False
Is 70577351 a multiple of 339?
False
Does 8916 divide 2401472563?
False
Does 883 divide 2933870319?
False
Is 507 a factor of 3611362?
False
Is 13014487 a multiple of 1117?
False
Is 70 a factor of 2661610?
True
Is 402680927 a multiple of 538?
False
Is 274272810 a multiple of 70?
True
Does 741 divide 49295025?
True
Is 74 a factor of 433649398?
True
Does 376 divide 16012758?
False
Does 10 divide 41935625?
False
Does 965 divide 98226487?
False
Is 36580028 a multiple of 321?
False
Does 1462 divide 5262550872?
True
Is 805379392 a multiple of 55?
False
Is 91 a factor of 19228300?
True
Is 12 a factor of 4098106?
False
Is 3917475 a multiple of 345?
True
Is 12958 a factor of 396231615?
False
Is 70568983 a multiple of 19?
True
Does 1425 divide 27116325?
True
Is 58807583 a multiple of 235?
False
Is 1145855391 a multiple of 1322?
False
Is 18895888 a multiple of 22?
True
Is 26 a factor of 2300098112?
True
Does 159 divide 29757867?
False
Is 119269997 a multiple of 77?
True
Is 6549457 a multiple of 10?
False
Is 248068730 a multiple of 6028?
False
Is 34274885 a multiple of 48?
False
Is 16 a factor of 11473536?
True
Is 17210840 a multiple of 41?
False
Is 123195121 a multiple of 8?
False
Does 36 divide 21924900?
True
Is 773 a factor of 2221331915?
False
Is 575469213 a multiple of 1056?
False
Is 23105048 a multiple of 59?
False
Is 472603230 a multiple of 22?
True
Is 59208723 a multiple of 339?
True
Is 461 a factor of 65182173?
True
Does 58 divide 76687136?
True
Is 1007393184 a multiple of 37?
False
Is 39458448 a multiple of 2274?
True
Is 45282268 a multiple of 43?
True
Is 548 a factor of 888985876?
True
Is 865352863 a multiple of 89?
False
Is 1107 a factor of 3994253046?
True
Is 260685440 a multiple of 16?
True
Is 1619 a factor of 80173368?
False
Does 4514 divide 4889524174?
True
Is 1443 a factor of 107421249?
True
Is 248 a factor of 911378672?
True
Does 29 divide 37259374?
True
Does 985 divide 17844117?
False
Is 1088 a factor of 59966208?
True
Does 66 divide 30565194?
True
Is 519538947 a multiple of 433?
True
Is 1992186 a multiple of 14?
True
Is 67 a factor of 2304413031?
False
Does 375 divide 49170000?
True
Is 1989 a factor of 276212243?
False
Is 19 a factor of 179161146?
True
Does 14 divide 13050982?
True
Is 339 a factor of 27628407?
False
Is 32 a factor of 690939296?
True
Is 109910844 a multiple of 108?
True
Is 13 a factor of 18536039?
False
Is 468 a factor of 7470872?
False
Is 50145956 a multiple of 1379?
True
Does 55 divide 57347499?
False
Is 132825983 a multiple of 167?
False
Is 50519531 a multiple of 1245?
False
Is 5054574 a multiple of 36?
False
Is 48 a factor of 146800272?
True
Is 14 a factor of 2976876?
True
Is 14 a factor of 6794718?
True
Does 2338 divide 163531410?
True
Does 283 divide 65193777?
False
Is 51932768 a multiple of 27?
False
Is 145 a factor of 529212300?
True
Is 44 a factor of 3789897?
False
Does 38 divide 216444539?
False
Is 1312590400 a multiple of 5984?
True
Is 736 a factor of 1338323264?
True
Is 123276058 a multiple of 200?
False
Is 1627602660 a multiple of 117?
False
Is 73 a factor of 144274919?
False
Is 80 a factor of 598356844?
False
Is 6 a factor of 18675813?
False
Is 6490694784 a multiple of 448?
True
Does 97 divide 85417909?
True
Does 406 divide 1264261670?
True
Is 43 a factor of 7019328?
False
Does 687 divide 3687815?
False
Does 33 divide 8125725?
False
Is 985 a factor of 4569357?
False
Does 21 divide 9112152?
True
Is 960661657 a multiple of 2625?
False
Is 1074 a factor of 49344930?
True
Is 8196090 a multiple of 21?
True
Is 2568219161 a multiple of 43?
True
Does 58 divide 1893477976?
True
Does 7 divide 6119932?
True
Is 379 a factor of 2840623950?
True
Is 3 a factor of 108800823?
True
Is 25768884 even?
True
Is 22 a factor of 27082235?
False
Is 642440878 a multiple of 90?
False
Is 5022142087 a multiple of 14149?
False
Is 4844581 even?
False
Does 10 divide 808342227?
False
Does 47 divide 20002835?
False
Is 9 a factor of 145586206?
False
Is 266 a factor of 2487215178?
True
Does 52 divide 2612748420?
False
Is 50 a factor of 183208350?
True
Is 202645338 a multiple of 97?
False
Does 69 divide 971910083?
False
Does 135 divide 1261575?
True
Is 15 a factor of 2716485?
True
Is 188 a factor of 2194337504?
True
Is 3 a factor of 125908081?
False
Is 123 a factor of 3933746?
False
Does 20 divide 11221740?
True
Is 24 a factor of 17888232?
True
Does 16 divide 12473936?
True
Is 112 a factor of 206202405?
False
Is 3 a factor of 22181676?
True
Does 3642 divide 708887966?
False
Is 90824655 a multiple of 122?
False
Is 14 a factor of 152965008?
True
Is 1276 a factor of 29839675?
False
Is 1567 a factor of 253810124?
True
Is 46878106 a multiple of 11?
True
Does 23 divide 24505284?
False
Is 794 a factor of 66234816?
False
Is 160 a factor of 427859680?
True
Does 86 divide 654955?
False
Is 272505171 a multiple of 239?
True
Is 93757033 a multiple of 1733?
True
Does 458 divide 1872098816?
True
Is 47 a factor of 5435503?
True
Does 997 divide 2129592?
True
Is 702095031 a multiple of 37?
False
Is 15 a factor of 2801687010?
True
Is 71 a factor of 545820052?
False
Does 879 divide 11550344?
False
Is 15120945 a multiple of 7?
True
Is 1242 a factor of 1398321458?
False
Is 93 a factor of 54662